t t be (-1)/(-4) + (2905/28)/5. What is the highest common divisor of t and 63?
21
Let v(d) = -d**3 - 6*d**2 + 5*d + 2. Let m be v(-7). Calculate the highest common divisor of m and 144.
16
Suppose 0 = g + 4*w - 50, w = g + 3*g - 115. Let y be (-39)/(g/(-8) + 3). Calculate the greatest common divisor of y and 13.
13
Let c be (-546)/(-10) + (-18)/(-45). Let n = c + -15. What is the highest common divisor of 5 and n?
5
Let o(d) = 4*d**2 - 11*d - 3. Suppose 7 = 4*g - 4*p - 9, 2*g + 4 = 5*p. Let r be o(g). Let b = 22 - 7. What is the highest common factor of b and r?
15
Let w be 96/40*(-6 + 1). Let g be ((-4)/w)/((-2)/(-42)). Let z be 2/(-3)*9/(-6). Calculate the highest common factor of z and g.
1
Let o = 36 + -9. Suppose 0 = -q - 3 + o. Suppose 2*k + 2 = 2*x + k, 5*x + k = 19. Calculate the greatest common factor of q and x.
3
Let m(p) = 2*p**2 - 3*p - 3. Let n be m(3). Let b be 250/n + 3/9. Suppose 0 = 3*g - r - 85, 5*g - 4*r = 25 + 119. What is the highest common factor of g and b?
14
Suppose 0 = -c + 4*c - 9. Suppose -3*q + 437 = 4*o - 2*q, -319 = -c*o + q. Calculate the highest common factor of o and 12.
12
Let t = -18 + 34. Calculate the greatest common divisor of t and 112.
16
Let r = 16 + -14. What is the highest common divisor of 14 and r?
2
Let v = -14 - -28. Let n(j) = -16*j - 22. Let l be n(-4). Calculate the greatest common divisor of l and v.
14
Let n = 6 + -4. Let r be (-14)/7 + 116/n. Calculate the highest common divisor of 7 and r.
7
Let m(j) = j + 60. Let u be m(0). Let p(h) = -5*h**2 + 4*h + 2. Let o be p(-4). Let x be o/(-8) - 2/(-8). What is the greatest common divisor of x and u?
12
Let k(g) be the third derivative of g**5/30 + g**4/8 - g**3 - 2*g**2. Let w be k(-8). What is the greatest common factor of 14 and w?
14
Let f = -6 + 26. Suppose 0 = 4*i - 0 + 4, 3*i - 5 = 2*z. Let s(k) = -8*k - 2. Let m be s(z). What is the greatest common divisor of f and m?
10
Let f(t) = -t**3 + 26*t**2 + t - 12. Let k be f(26). What is the highest common factor of 35 and k?
7
Let k be (0 + 1)*0/3. Suppose -2*o + o + 5 = k. Suppose -5*n = o*f - 285, -2*n + 218 = 2*n - f. What is the highest common divisor of 22 and n?
11
Suppose 0 = -6*u + 3*u + 4*g + 380, 0 = -2*u + 3*g + 255. Let f(c) = 4*c - 9. Let t be f(6). What is the highest common factor of u and t?
15
Let o = 15 + -11. What is the greatest common factor of o and 16?
4
Suppose 4*x + 5*u = 52, -u - 2*u = 3*x - 36. Calculate the greatest common divisor of x and 56.
8
Let y(g) be the third derivative of 1/24*g**4 + 1/6*g**5 + g**2 + 0 + 0*g + 0*g**3. Let m be y(2). Calculate the highest common divisor of m and 6.
6
Suppose -2*q + 2*n = 6, -q + 3*n = -2*n + 15. Suppose 4*s + q*s = 24. Let b be -2 + (-2)/(s/(-33)). What is the highest common divisor of b and 9?
9
Let y be (-1 + 7)/(3/4). What is the greatest common divisor of 12 and y?
4
Suppose 1 = -4*m + 37. What is the greatest common factor of m and 18?
9
Let j(l) = -24*l. Let h be j(-3). Calculate the greatest common factor of h and 108.
36
Suppose 68 = c - 4*w, -196 = -5*c + 2*w + 90. Calculate the highest common divisor of 7 and c.
7
Suppose -l + 6*l + a = 1109, -434 = -2*l + 2*a. Suppose 5*y = 129 + l. What is the greatest common divisor of y and 14?
14
Let b be 3*(1/(-1) + 2). Let v be 1/(b + (-672)/225). Calculate the greatest common divisor of v and 30.
15
Let r = 927 + -527. Suppose 0 = 4*s - m - r, 3*m + 94 + 413 = 5*s. Suppose 2*a = -a + s. What is the highest common divisor of a and 3?
3
Let a(n) = n**2 + 6*n. Let z be a(-6). Suppose 3*o + 1 = 4*y + 29, z = 4*o + 4*y. Let v = o + 10. Calculate the highest common factor of v and 2.
2
Let z be (3/4)/((-3)/(-12)). Suppose -10 = -2*y, 4*y + 71 = z*n - 5. Calculate the greatest common factor of n and 4.
4
Suppose 2 = 4*f - 2. Let r be 0 + 25 - (f - 3). Let h(u) = -u**3 + 8*u**2 + u - 5. Let g be h(8). What is the highest common factor of r and g?
3
Let y be 5 + -1 + (-2)/(1 + -3). What is the highest common divisor of 10 and y?
5
Let t(y) = -y**2 + 8*y + 13. Let s be t(9). Suppose 26 + s = 3*p. Suppose -26 = -2*o + p. What is the highest common factor of 72 and o?
18
Suppose 4*o - 5*c - 512 = 0, -3*o - c + 391 = -3*c. Calculate the highest common divisor of o and 19.
19
Let s be ((-2 - -3) + 3)*2. Let q = 377 - 245. Suppose -2*k + 44 = -q. What is the greatest common divisor of s and k?
8
Let t(i) = 2*i - 8. Let p(b) = -b + 4. Let u(c) = -7*p(c) - 4*t(c). Let y be u(2). Let z be (-3)/y*14/(-3). What is the greatest common factor of 28 and z?
7
Suppose -2*a - 3*x + 5 + 6 = 0, -4*x + 4 = 0. What is the highest common factor of a and 20?
4
Suppose 5*k - 7*k = -60. What is the greatest common factor of k and 270?
30
Suppose j = -0*j - 7. Let t = 13 + j. Suppose -9 = -3*a + t. What is the greatest common factor of 25 and a?
5
Suppose l + 4*l = 120. Let q be (-1 + 38/6)*3. Calculate the highest common factor of l and q.
8
Let h(k) = 3*k**2 + k - 10. Let u be h(5). Calculate the greatest common divisor of u and 14.
14
Let q be 38/(-3) + 2/3. Let n = 387 - 271. Let r be 1/3 - n/q. What is the highest common divisor of 90 and r?
10
Let d be 28/(-8)*(-113 + 1). Let c(w) = w - 10. Let o be c(13). Suppose n + o*n = d. What is the highest common divisor of 14 and n?
14
Let m(s) = -s**2 + 4*s + 4. Let u be m(4). Calculate the highest common divisor of 36 and u.
4
Let f = 4 - 13. Let q be 30 + (-1)/(3/f). Calculate the highest common divisor of q and 11.
11
Suppose -66 = -3*d + d. Suppose -4*i + d = -i. Calculate the highest common factor of i and 11.
11
Let s = 203 + -49. Calculate the highest common divisor of 14 and s.
14
Let j(o) = -2*o - 3. Let a(u) = -9*u - 13. Let q(b) = -6*a(b) + 26*j(b). Let x be q(8). Calculate the highest common factor of x and 2.
2
Let g(p) = -4*p + 28. Let w be g(6). Calculate the greatest common factor of 28 and w.
4
Let g(w) = w**3 - 7*w**2 - w + 5. Let i be g(7). Let n = i - -3. Let t(o) = -o - 1. Let u be t(-6). Calculate the highest common divisor of n and u.
1
Suppose 3*s - 27 = -4*x, s + 2*x - 10 - 1 = 0. Let d = 6 + -15. Let r = s - d. What is the highest common factor of 21 and r?
7
Suppose h - 5*s + 50 = 6*h, 2*s = -4*h + 30. Calculate the highest common divisor of h and 55.
5
Let l be 8/(6/(-2) + 4). Suppose 0 = 4*s - l - 36. What is the highest common divisor of s and 121?
11
Let s = 25 - -43. Calculate the greatest common factor of s and 17.
17
Let z(v) = -v**2 - 7*v - 6. Let g be z(-6). Suppose 4*i - 2*i - 24 = g. What is the greatest common factor of i and 30?
6
Suppose -3*n = -31 + 7. Suppose -b + 5*b = n. Let h = 42 - b. Calculate the greatest common divisor of h and 8.
8
Let q be 21/6 + 3/(-6)*1. Calculate the greatest common divisor of q and 6.
3
Let q = -57 - -73. What is the greatest common divisor of q and 64?
16
Suppose 3*d - 4*d = -143. Calculate the greatest common factor of 13 and d.
13
Let p = 13 + -5. Let z = -5 + 9. Calculate the greatest common divisor of z and p.
4
Suppose 2*n + 37 = 5*s - 37, -5*n = 3*s - 32. What is the greatest common divisor of s and 154?
14
Let l = 10 + 3. What is the greatest common divisor of l and 65?
13
Let i be (-1*2*1)/1. Let c be (-34)/((2 + -1)*i). Let l = -126 + 313. What is the greatest common divisor of c and l?
17
Suppose 0 = w - 2*c - 10, -3*w + 19 = 5*c. Calculate the greatest common divisor of w and 32.
8
Let y be -11*(-2 - 4 - -3). Let k = y - 17. Calculate the highest common factor of k and 8.
8
Let x(l) = l**3 + 2*l**2 - 4*l - 2. Let q be x(-3). Let t(a) = 60*a. Let k be t(q). Calculate the greatest common factor of k and 10.
10
Let n be 96/15*5/2. What is the greatest common factor of 48 and n?
16
Let r be ((39 + -6)*-2)/((-6)/8). What is the greatest common divisor of r and 11?
11
Let b(k) = k**3 - 3*k**2 + 2*k - 19. Let d be b(4). Let c be 10/4*22/1. Calculate the greatest common divisor of d and c.
5
Let i be ((-7)/2)/(1/(-2)). Suppose -140*x = -133*x - 98. What is the highest common factor of x and i?
7
Let w(h) = -5*h + 100. Let y be w(18). Suppose 3*u + 234 = 12. Let v be (-2 - u) + -1*2. Calculate the highest common factor of y and v.
10
Let m = 18 + -13. Calculate the greatest common factor of 2 and m.
1
Suppose 0 = -6*y + 3*y + 18. Suppose -y - 12 = -2*g. Suppose m - 2*u = 15, 4*u 